f - 15. Let u(k) = 4*k**2 - 15*k + 29. Let t(b) = 4*u(b) + 7*y(b). Is t(-24) composite?
False
Let f be (0/1 + 1)*6/2. Let m(j) = 241*j**2 - 3*j - 1. Is m(f) composite?
True
Is (-144)/(-72) + 1/((-2)/(-20902)) composite?
False
Let a(t) be the second derivative of -4*t**3/3 - t**2 + 4*t. Suppose -g - 2 = -0*g. Is a(g) composite?
True
Suppose 3*a - 14 = 2*j + 4*a, -2*j + 5*a - 38 = 0. Let w = j - -200. Is w a prime number?
True
Let f(u) = -83*u - 131*u - 5 + 7*u - 35*u. Is f(-1) composite?
True
Suppose 15 + 1 = 2*c. Suppose 0 = z + c*z + 225. Is (-15)/(-6)*(-470)/z a composite number?
False
Let m be 0 + 0 + -101 - 3. Let w = -11 - m. Suppose -u - 2*u = -w. Is u prime?
True
Suppose -4 = -2*n + n, c = 4*n - 7. Let f = -4 + c. Suppose 3*a + 4*z = -0*z + 1327, 3*a - 1325 = -f*z. Is a a composite number?
True
Let m = -29 - -31. Suppose q + 170 = m*w, -2*q - 2*q + 316 = 4*w. Is w a prime number?
True
Suppose 221*y = 213*y + 102568. Is y a composite number?
False
Let g be (2*12/3)/1. Suppose g*k = 10*k - 68. Suppose -2*c + 658 = b, -4*b - 313 = -c + k. Is c a prime number?
True
Suppose 9*p - 20 = 4*p. Suppose 2*k - p*k = -662. Let j = k + -234. Is j composite?
False
Suppose 0 = 2*w - 3*w - 17. Let i = 87 + w. Let a = i + 303. Is a a prime number?
True
Let x(a) = 2 - 153*a - 7 + 17. Let z be x(8). Let o = -727 - z. Is o a prime number?
False
Let k be 342/(-3)*(-3)/3. Let i = k - 227. Is (0/(-1) - i)*1 a prime number?
True
Let s = 16163 + 11048. Is s composite?
False
Is 22109/3*(1 + 2) a composite number?
False
Suppose 2*h - 68 = -4*k, h + 2*k - 106 = -2*h. Let o be (-51)/(2 - 290/130). Let z = o + h. Is z a prime number?
True
Suppose -74812 - 185 = -9*i. Is i a composite number?
True
Let u(g) = 2*g**2 - 2*g + 14. Let m be 1/(1/(-3)) - (0 - 9). Is u(m) prime?
False
Suppose 4*d - 76 = -4*o, -4*o - 2*d + 56 = -o. Suppose -2274 = 12*y - o*y. Is y composite?
False
Let i be 4 - (3 - 0)/(21/(-2422)). Suppose -5073 = -i*o + 347*o. Is o prime?
False
Let c(f) = 9*f**2 - 77*f + 17. Is c(-22) composite?
False
Let a = -715 + 1067. Let w = a + -54. Is w prime?
False
Let x be (-2)/8 - (-51)/12. Let s(t) = -13 + 6*t**2 + 5*t + 7*t + 4*t - x*t. Is s(12) a composite number?
True
Let y(f) = 995*f - 16. Is y(9) prime?
False
Let d be 6 + (-3 - -3) + -2. Suppose 3*j - 211 - 2797 = -d*x, -3*x + 2249 = 4*j. Is x a prime number?
False
Suppose -10787 = -5*f + 4*g, 5*f - 26*g - 10797 = -27*g. Is f a prime number?
False
Suppose a = v + 1222, -v = 4*v - 5. Let d(o) = o**3 + 4*o**2 + 3*o + 2. Let u be d(-3). Suppose 0 = 2*s + 2*s - h - a, -h = u*s - 607. Is s prime?
False
Let g be 2/(4/6 - 0). Suppose -4*o + 18 = -2*i, -9 + 0 = g*i. Suppose -o*x - 421 = -4*v, 2*x + 511 = 5*v - 24. Is v prime?
True
Let d(x) = 17*x**2 + 40*x + 30. Is d(17) a prime number?
True
Let j be (6/4)/(6/16). Suppose -2*d - 582 = -0*b - 2*b, -j*d = 5*b - 1491. Let k = -201 + b. Is k composite?
True
Suppose 0 = 85*w - 86*w - 5. Let b(h) = -214*h - 9. Is b(w) composite?
False
Let k be (0 + -4 - -3)*(-24)/(-8). Let x(u) = -u**3 + 2*u**2 + 3*u + 1. Let v be x(3). Is (-130)/v*k/6 a prime number?
False
Suppose -5*q - 1404 = -2*h - 214, h = 5*q + 585. Suppose 11*c - 1848 = h. Is c a prime number?
True
Suppose -7445 - 17063 = -4*i. Is i a composite number?
True
Let d(p) = -2*p - 1. Let o be d(-3). Suppose 170 = -o*n + a, -n + 3*a + a = 15. Is (-2)/10 - 22232/n prime?
False
Suppose 0 = 2*q + 6*q + 1752. Let c = q - -470. Is c a composite number?
False
Let t(r) = 268*r - 63. Is t(11) a prime number?
False
Suppose -h - 1 = -5*c + 6, 0 = 2*h + 4*c - 14. Suppose 2*p + 7 = -2*b + 185, -h*p = 0. Is b a prime number?
True
Let b(u) = 1135*u**3 + u**2 + 13. Let w(y) = -284*y**3 - 3. Let o(a) = 2*b(a) + 9*w(a). Suppose -h = h + 3*r + 8, 0 = -r - 2. Is o(h) prime?
False
Let w(l) be the third derivative of l**8/480 - l**6/720 - l**4/8 + 9*l**2. Let x(h) be the second derivative of w(h). Is x(1) prime?
True
Suppose j = -67 + 14568. Is j prime?
False
Let n = -6394 + 10793. Is n a composite number?
True
Is 1/2*-11*-194 + -6 composite?
False
Let h be 5 + -1 + (-10)/(-5). Let p be 599/(2*3/h). Let o = p - 154. Is o prime?
False
Suppose -61*h + 3034 = -59*h. Is h a prime number?
False
Let w be ((-288)/(-120))/((-2)/5). Is 737 + (w - -1) + 5 a composite number?
True
Suppose 5*i = 7 + 13. Let p = 101 + -97. Suppose i*g - 3*n - 1780 = -n, -3*n = -p*g + 1780. Is g prime?
False
Let q(k) = -22*k**3 - k**2 - k - 1. Let u(x) = -3*x + 17. Let f be u(6). Let a be q(f). Is (a/28)/((-3)/(-348)) composite?
True
Let j = 2842 + 339. Is j a prime number?
True
Let a = 80 - 386. Let h = 517 + a. Is h a prime number?
True
Let z be 10/8*-4*34. Let r = 7 - z. Suppose -3*j + 0*j = -r. Is j prime?
True
Suppose 0 = -c + 4, 3*c + 1172 = 4*l + 2*c. Suppose 2920 = 8*f - 448. Let w = f - l. Is w prime?
True
Is 2600 - -1 - 21/(189/(-18)) prime?
False
Suppose -4*t = 4, -2*v + 4*v = 3*t + 5401. Is v prime?
True
Let s(b) = -b**2 - 7*b - 5. Let q be s(-5). Let a be 20/q + (-1)/1. Suppose -a*p - 4*w + 254 = -17, w - 1 = 0. Is p composite?
False
Suppose 4*t - 3730 = -2*q, -2*q = t - 0*q - 934. Suppose -2*m + t = 2*m. Is m prime?
True
Let p(d) = -d**2 - 2*d + 1. Let u be p(-2). Is (1022/8 - (-12)/(-16))*u composite?
False
Let t be -2*((-63)/(-6))/(-3). Suppose -9 = t*h - 2. Is 166/3 + h/3 a composite number?
True
Let q(g) = -g**2 - 5*g + 1. Let h be q(-4). Suppose -h*w - 2955 = -4*o + 3631, 0 = 5*o - w - 8243. Is o prime?
False
Let x(g) = -2*g**3 - 4*g**2 - 3*g - 2. Let q be x(-2). Suppose -3*n = q*c + 1380, -2*c - 3*n = c + 1035. Let d = -122 - c. Is d a composite number?
False
Suppose 6 = -3*o - 9. Let y(i) = -363*i - 14. Is y(o) composite?
False
Let p(b) = -b**3 - 5*b**2 + 5*b - 8. Let r be p(-6). Is -6 + 279 + r*(-2)/(-2) prime?
True
Let p(w) be the first derivative of -w**4/4 + 4*w**3 + 3*w - 13. Let f be p(12). Suppose 2*t + 154 = 4*o, -o - f*o + 163 = -5*t. Is o composite?
False
Suppose -392 = 2*z - 1690. Suppose 3*h - z = 5*f, 516 = 2*h + 2*f + 62. Is h prime?
True
Let s(z) = 20 - 16 + 15*z**2 - z + 29*z**2. Is s(2) a prime number?
False
Let n be 4/(-22) + (-18)/(-99). Let a be (n - -2) + (1 - -2). Suppose -2*z + 2*h = 6*h - 978, 5*z - 2420 = -a*h. Is z a composite number?
False
Suppose -1338 = -v + 3*t, -6*t = 2*v - t - 2643. Is v a composite number?
True
Let p(k) = -1269*k + 4. Let l(s) = s. Let v(o) = -6*l(o) - p(o). Is v(1) prime?
True
Is (9 + -10)*4061*-1 composite?
True
Suppose 21654 = 4*o + 2274. Let g = 254 + o. Is g a composite number?
False
Let o = 2698 + -1382. Let d = 5575 - o. Is d prime?
True
Is (-1)/2 - 79855/(-10) a prime number?
False
Let v(x) = 68*x**2 + 2*x + 31. Is v(7) a composite number?
True
Suppose -2*c - 1319 = -1961. Is c a composite number?
True
Let w = 8 - 12. Let v(x) = -x - 2. Let g be v(w). Suppose 4*o + o - 603 = -4*z, g*z = -o + 309. Is z composite?
False
Let c(s) = 2850*s + 401. Is c(3) a composite number?
False
Suppose 7*a - 167169 = 4*a. Is a a prime number?
False
Let c = -2 - -8. Let f be (2/(-6))/(1/c). Let p(b) = -41*b + 1. Is p(f) composite?
False
Let c = -972 + 1769. Suppose -f + 2*f = c. Is f a prime number?
True
Let c be (-268)/(-20) - (-2)/(-5). Suppose -c*v + 8*v - 1465 = 0. Let y = 552 + v. Is y a prime number?
False
Suppose -3*h - 4*n + 54053 = 0, 3*h - 54055 = 35*n - 37*n. Is h composite?
True
Suppose -9*p = -205098 + 34395. Is p a composite number?
True
Let n = -4520 + 8329. Is n a composite number?
True
Suppose 20*x + 3*a + 31271 = 21*x, x + 2*a - 31281 = 0. Is x a prime number?
True
Let y(f) = -f - 5. Let w be y(-5). Suppose w*q + 24 = 4*q. Let k = q - -4. Is k prime?
False
Suppose 0 = 8*b - 37106 - 3782. Is b a composite number?
True
Let t be (-12)/(4 - 1)*(-3)/6. Suppose 3*i + 816 = 5*i - t*b, 3*i - 5*b - 1214 = 0. Is i a composite number?
True
Is -2 + -2 + (31 - -10814) a composite number?
True
Is 8144 - (-2)/4*6 a prime number?
True
Let f = -13 - -16. Suppose 3968 = -u - f*u. Is (3 + u/20)*-5 prime?
True
Let u be (-36*3)/1*(-27)/12. Suppose 0 = -2*g - u + 617. Is g a composite number?
True
Let z = -33 - -15. Let f = 76 + z. Is f composite?
True
Suppose g + 9 = 4*g. Let y(t) = t**2 - 7*t - 16. Let b be y(9). Suppose i + 2*i - 992 = -5*u, b*i - 655 = g*u. Is i a prime number?
False
Suppose 3*a + x + 1032 = 0,